hat is the remainder when s is divided by c?
16
Let v = -23 - -73. Let a = 99 - v. Calculate the remainder when a is divided by 17.
15
Suppose 3*p - 136 = 89. Suppose 2*b - 37 - p = 0. Calculate the remainder when b is divided by 2/5 - 93/(-5).
18
Suppose -3 = -5*v + 12. Let k = 4 - v. Suppose k = t - 1. What is the remainder when 3 is divided by t?
1
Let a = -7 + 13. Calculate the remainder when ((-30)/8)/(1/(-4)) is divided by a.
3
Suppose -2*d + 4*d + 5*j - 294 = 0, -3*d - 3*j = -450. Let g = -107 + d. Calculate the remainder when g is divided by 12.
9
Let d = -27 - -40. Calculate the remainder when 24 is divided by d.
11
Let l(i) = -i**3 + 9*i**2 + 13*i - 5. What is the remainder when l(10) is divided by 9?
7
Suppose -4*v = -n - 16, 2*n + 2*v = 6*v - 20. Let j be n/(-4)*2*-10. What is the remainder when 7 is divided by j/(-8) - 2/4?
1
Calculate the remainder when (-9 - -5) + 1 + 76 is divided by 25.
23
Let y(x) = -3*x - 4. Let b be 1/1*-10 + -2. Calculate the remainder when y(-5) is divided by 30/b*(-12)/10.
2
Suppose -2*i = 5*x - 0*i - 15, -3*i - 3 = -x. What is the remainder when 7 is divided by x?
1
Suppose v + 3*j + 3 = -3*v, 0 = 4*j - 12. Let w = 9 + v. Calculate the remainder when -1 - 1 - (-19 - 0) is divided by w.
5
Let h = -56 + 62. Let x = 13 + 35. Suppose -x = -0*s - 4*s - 2*c, 5*c = -5*s + 70. What is the remainder when s is divided by h?
4
Suppose -2*u + 110 = 4*n, -71 - 9 = -4*n + 4*u. Calculate the remainder when n is divided by 14.
11
Let d(m) = 43*m + 7. Let a(b) = -22*b - 3. Let h(l) = -9*a(l) - 4*d(l). What is the remainder when h(2) is divided by 18?
15
Suppose 3*b + 3*b = 36. Suppose -2*f = -6*f + 8. Suppose 0 = -f*r + m + 42, r - 3*m - 16 = -0*r. Calculate the remainder when r is divided by b.
4
Calculate the remainder when ((-2)/(-8))/((-2)/(-152)) is divided by 5.
4
Suppose 440 = 6*u + 5*u. Calculate the remainder when u is divided by 11.
7
Let d = -7 + 30. Calculate the remainder when d is divided by (-11)/44 - 34/(-8) - -2.
5
Let k = 11 + 12. Let d = 19 + -7. Calculate the remainder when k is divided by d.
11
Let s(z) = -52*z**3 + 1. What is the remainder when s(-1) is divided by 18?
17
Suppose -3*o = -o - 5*g - 32, -5*g = 3*o - 48. What is the remainder when o is divided by 6?
4
Let s(c) = c**3 + 4*c**2 - 8*c - 6. Let a be s(-5). What is the remainder when 20 is divided by (a - 2)/(-2 - -3)?
6
Suppose -k - 5*b + 2 = 5, 2*k - 5*b = 39. What is the remainder when k is divided by 7?
5
Suppose 2*v + 76 = 6*v. Suppose 0 = 4*q - 11 - 29. What is the remainder when v is divided by q?
9
Suppose -9 = 3*i, 0 = k - 6*k - 5*i. What is the remainder when 21 is divided by (0 + k)/(-3) + 13?
9
Suppose -8*t = -4*q - 5*t + 721, 0 = 5*q + 3*t - 881. Calculate the remainder when q is divided by 60.
58
Let x(q) = -q**2 - 6*q - 5. Let h be 4*2*1/(-2). What is the remainder when 7 is divided by x(h)?
1
What is the remainder when ((-3)/3)/(1/(-37)) is divided by 13?
11
Let h = -10 + 22. Suppose -f + 22 = -h. What is the remainder when f is divided by 12?
10
Suppose 66 = 4*x - 190. Let i = -44 + x. What is the remainder when 58 is divided by i?
18
What is the remainder when 7 is divided by (11/((-33)/6))/(-1 - 0)?
1
Let p(u) = -u**3 + 9*u**2 + 2. Suppose 2 = -2*k + 20. Calculate the remainder when 3 is divided by p(k).
1
Suppose -3*i = -n + 3*n - 49, -2*n - 3 = -i. Suppose 0 = -0*q - 4*q + 20. Calculate the remainder when i is divided by q.
3
Let s(o) = -o**3 + 3*o**2 - 1. Let u be s(3). Let k = u - -3. Calculate the remainder when 5 is divided by k.
1
Let y = -83 + 125. Let l = y - 18. What is the remainder when l is divided by 13?
11
What is the remainder when -3 - (4 - 38) - 3 is divided by 8?
4
Suppose -x = 4*x + 3430. Calculate the remainder when 3/12 - x/8 is divided by 22.
20
Let o = 22 - -1. Calculate the remainder when 45 is divided by o.
22
What is the remainder when (-397)/(-5) - (4 - 18/5) is divided by 40?
39
Let a(u) = u**3 + 10*u**2 + 5*u - 11. What is the remainder when a(-9) is divided by 9?
7
Suppose 343 = 9*r - 2*r. What is the remainder when r is divided by 13?
10
Suppose 13*w + 0*w - 221 = 0. Let m = 5 - -9. Let g = m + w. What is the remainder when g is divided by 17?
14
Let u(a) = 13*a - 19. What is the remainder when 39 is divided by u(3)?
19
Suppose 8 + 10 = 2*p. Let x = p + 4. Suppose -3*h = 3*o - 5*h - 114, o = -5*h + 38. What is the remainder when o is divided by x?
12
Suppose 3*r - 11 = -5*g, -3 = -g - 2. Calculate the remainder when 3 is divided by (-72)/(-33) + r/(-11).
1
Let h = 32 - 17. Calculate the remainder when 44 is divided by h.
14
Let k = 21 - 8. What is the remainder when 456/9 - 2/3 is divided by k?
11
Suppose 2*z - 4*z = -6. Suppose 2*q + z*q = 145. What is the remainder when q is divided by 16?
13
Suppose y + 1 + 2 = 3*b, 0 = -3*b. Let d(h) = h**2 - h - 2. Suppose s + 4*s - 20 = 0. Calculate the remainder when d(y) is divided by s.
2
Suppose 5*z = 30 + 35. Let a(h) = -2*h - 2. Let q be a(-4). Suppose 13 = 5*l - 3*m - q, 13 = l + 4*m. Calculate the remainder when z is divided by l.
3
Suppose -m = 2*l - 7, 6*m - 2*m - 34 = -2*l. Calculate the remainder when (9/3 + m)/2 is divided by 4.
2
Let p = 81 + -35. Calculate the remainder when p is divided by 12.
10
Suppose 11*d - 10*d - 27 = 0. What is the remainder when d is divided by 10?
7
Let r = -29 + 33. Let a(x) = x**3 - 4*x**2 - 4*x - 5. Let f be a(5). Let l(j) = -j**2 + j + 6. Calculate the remainder when l(f) is divided by r.
2
Suppose 0*i - 9 = -i - n, 5*n + 18 = 2*i. Calculate the remainder when i is divided by 5.
4
Let m be 2/(-6) - (-20)/6. Suppose -4*y - 12 = 0, 4*v - 171 + 12 = -3*y. What is the remainder when v is divided by (m/(-4))/((-1)/20)?
12
Let b = -5 - -7. Suppose b*d - 3*d = -23. Calculate the remainder when d is divided by 8.
7
Suppose -4*i + 7 = -5, p - 5*i = -3. Suppose -5*x = 4*f - 2*x - p, 0 = -5*f - 4*x + 15. What is the remainder when 8 is divided by f?
2
Let m = 8 - 20. Let f(y) = -y**2 + 13*y + 3. Let x be f(11). Let d = x + m. Calculate the remainder when 24 is divided by d.
11
Suppose -2 - 4 = 3*r, -2*l = 3*r - 36. Suppose 4*c - l = -2*s + 33, 15 = s - 2*c. What is the remainder when s is divided by 11?
10
Let i be 36/8*(-2)/(-3). Let u = i - -10. What is the remainder when 25 is divided by u?
12
Let q = -3 - -3. Suppose -2*x - 2*r + 50 = q, 3*r - 2*r + 100 = 4*x. What is the remainder when x is divided by 9?
7
Let j(z) = 16*z - 34. Suppose 4*i - 12 - 4 = 0. Calculate the remainder when j(3) is divided by i.
2
Suppose 18 + 31 = 7*h. Suppose 4 = 2*m, -5*c - m + 96 = -3*m. Calculate the remainder when c is divided by h.
6
Suppose 0 = -q - x, 0*q - 5*x - 6 = 3*q. Suppose 4*t - q*t = 5. Calculate the remainder when 34 is divided by 3/(t/4 - 1).
10
Suppose i = -4*i + 15. Suppose -247 = -0*m - 4*m - 3*o, -i*o = -4*m + 241. Calculate the remainder when m is divided by 3*1 - (-18)/1.
19
Suppose -v - 3*f = -12, 81 = 5*v - 4*f + 2. Let o = v + -9. Calculate the remainder when o is divided by 4.
2
Suppose 2*t = -2*l + 88, 3*t - 8*t + 5*l = -170. Calculate the remainder when t is divided by (-5 + -1)/((-189)/630).
19
Suppose -i - 60 = -2*d - 11, -5*d + 4*i = -115. What is the remainder when d is divided by 10?
7
Let f(a) = a**3 - 11*a**2 + a + 7. What is the remainder when 33 is divided by f(11)?
15
Suppose 6*c - 8*c = -22. What is the remainder when 40 is divided by c?
7
Let x be (-24)/9 - (-4)/(-3). What is the remainder when -1 + (-20)/(-5 - x) is divided by 10 - (0 + 0 + -1)?
8
Let a(i) = -27*i - 36. Calculate the remainder when a(-6) is divided by 32.
30
Suppose -28 = -5*g - 2*t, -2*g + 2*t = g - 20. What is the remainder when 9 is divided by g?
3
Suppose 0 = -4*w - 2*l + 122, 3*w - l - 76 = 23. Let c = -19 + w. What is the remainder when c is divided by 9/(-6)*14/(-3)?
6
Suppose 175 = 5*p + 10. Calculate the remainder when p is divided by 9.
6
Calculate the remainder when 2 is divided by 4/2*4/8.
0
Suppose 7*s = 4*s + 897. Suppose -5*b = -4*k - 174, -101 + s = 5*b + 2*k. What is the remainder when b is divided by 13?
12
Let s(x) = 3*x**3 + x**2 - x. Let d be s(1). Suppose d*q = 3 + 6. Suppose q*y - 118 = -31. What is the remainder when y is divided by 15?
14
Let p(x) = 2*x**2 - 22*x + 4. What is the remainder when 6 is